65
Let g(i) = 2*i - 19. Calculate g(-14).
-47
Let m(u) = -147*u - 63. Give m(1).
-210
Let d(i) = -7*i**2 + 7*i - 12. Give d(5).
-152
Let o(m) = -11*m**2 - 245*m - 94. Calculate o(-22).
-28
Let a(t) = t**3 + 4*t**2 - 16*t + 19. Calculate a(-6).
43
Let n(a) = a - 227. Give n(43).
-184
Let q(v) = -4006*v + 40067. What is q(10)?
7
Let v(m) = -2*m**2 + 106*m - 1055. Give v(40).
-15
Let s(g) = 4*g**2 + 127*g + 151. What is s(-30)?
-59
Let h(a) = a**2 + 32*a + 180. Give h(-23).
-27
Let u(d) = -9*d**2 - 90*d - 90. Determine u(-1).
-9
Let p(z) = -478*z**3 + z**2 + 121*z + 119. What is p(-1)?
477
Let a(p) = -77*p + 1357. Give a(16).
125
Let g(z) = -89*z**2 - 2938*z - 40. Determine g(-33).
-7
Let r(f) = 20*f - 7. What is r(3)?
53
Let k(h) = -359*h + 3490. Give k(11).
-459
Let h(k) = -2*k**3 - 20*k**2 + 153*k + 10. Calculate h(-15).
-35
Let x(s) = 19*s**2 + 186*s - 3218. Determine x(9).
-5
Let f(t) = 42*t - 790. Give f(19).
8
Let y(k) = -604*k - 1798. Calculate y(-3).
14
Let s(a) = 16*a**2 - 165*a + 298. Determine s(8).
2
Let s(v) = 7*v**2 - 93*v + 27. What is s(14)?
97
Let n(j) = j**3 + 180*j**2 + 362*j + 1056. Calculate n(-178).
-12
Let w(m) = -m**2 - 27*m + 96. What is w(-31)?
-28
Let w(u) = -16*u**2 + 513*u - 17. Determine w(32).
15
Let m(g) = -g**3 + 87*g**2 - 700*g - 154. Determine m(78).
2
Let n(h) = -19*h**2 - 31*h - 2. Determine n(-2).
-16
Let x(n) = n**2 - 22*n - 833. What is x(-20)?
7
Let z(n) = 119*n - 891. What is z(7)?
-58
Let r(d) = 247*d - 22716. What is r(92)?
8
Let r(o) = 2*o**3 - 62*o**2 - 4*o + 146. Calculate r(31).
22
Let t(p) = -125*p + 724. Determine t(6).
-26
Let t(o) = o**3 + 146*o**2 + 566*o - 291. Give t(-142).
-7
Let t(f) = -14*f + 59. Determine t(9).
-67
Let m(w) = 2*w**3 + 5*w**2 - 10*w + 13. Give m(-6).
-179
Let g(y) = y**2 - 10*y - 46. What is g(-6)?
50
Let m(n) = -2*n**2 + 82*n - 633. What is m(7)?
-157
Let b(x) = -2*x**3 - 24*x**2 + 15*x + 397. Give b(-11).
-10
Let b(r) = -2*r**2 - 408*r + 817. What is b(2)?
-7
Let q(h) = -3*h**3 + 197*h + 18. Give q(0).
18
Let p(i) = -i + 34. Determine p(-24).
58
Let o(y) = -33*y + 3195. What is o(97)?
-6
Let z(g) = -2*g**2 + 125*g - 1747. What is z(21)?
-4
Let o(y) = 8*y**2 - 37*y - 102. Calculate o(-5).
283
Let q(t) = 366*t + 1842. Determine q(-5).
12
Let y(l) = -126*l**2 + 28*l - 61. Calculate y(2).
-509
Let h(n) = -n**3 + 52*n**2 - 44*n - 397. Calculate h(51).
-40
Let p(g) = 3*g**3 + 27*g**2 + 14*g - 6. Determine p(-11).
-886
Let l(c) = 18*c**2 + 650*c - 597. Calculate l(-37).
-5
Let n(f) = -4*f - 94. Give n(-24).
2
Let u(i) = i**3 - 69*i**2 + 69*i - 78. Give u(68).
-10
Let d(k) = k**2 + 18*k + 21. Calculate d(5).
136
Let i(t) = -t**3 - 27*t**2 + 19*t + 494. Determine i(-27).
-19
Let x(o) = -295*o + 300. Give x(2).
-290
Let f(m) = -74*m**3 + 4*m**2 + 14*m - 17. What is f(1)?
-73
Let z(i) = -25*i**2 + i - 10. Calculate z(0).
-10
Let u(r) = 15*r + 1783. What is u(-80)?
583
Let r(q) = q**2 + 28*q + 101. What is r(-11)?
-86
Let p(w) = -2*w**3 - 87*w**2 - 475*w - 645. Calculate p(-4).
-9
Let r(f) = f**3 - 14*f**2 + 14*f + 36. Give r(14).
232
Let g(t) = 2*t**2 - 134*t + 464. What is g(59)?
-480
Let n(a) = 3690*a - 81168. Determine n(22).
12
Let j(i) = 8*i**3 + 6*i**2 - 16*i. What is j(3)?
222
Let v(a) = -2*a**2 - 67*a + 339. Calculate v(-38).
-3
Let v(z) = 112*z - 480. Give v(5).
80
Let r(j) = 226*j**3 + 24*j**2 + 21*j - 4. Give r(-1).
-227
Let f(n) = 679*n + 4750. Give f(-7).
-3
Let t(a) = 3*a**2 - 22*a + 3. What is t(8)?
19
Let x(h) = -8*h**3 + 19*h**2 + 106*h - 314. Give x(3).
-41
Let x(m) = -2*m**2 - 104*m + 2689. What is x(19)?
-9
Let d(u) = u**3 + 12*u**2 - 825*u - 701. Calculate d(-35).
-1
Let o(a) = 4773*a - 19054. Calculate o(4).
38
Let g(k) = -k**2 - 235*k + 2949. What is g(12)?
-15
Let j(s) = -s**3 + 8*s**2 + 24*s - 62. What is j(11)?
-161
Let c(k) = k**3 - 16*k**2 + 16*k + 40. Determine c(15).
55
Let x(h) = h**2 - 36*h - 1134. What is x(-20)?
-14
Let a(y) = -23*y**2 + 1192*y - 964. Give a(51).
5
Let n(m) = m**2 - 17*m + 62. Calculate n(12).
2
Let n(i) = -11*i**2 - 340*i + 62. Give n(-31).
31
Let b(d) = 3*d**3 + 72*d**2 - 169*d - 325. What is b(-26)?
13
Let t(y) = 266*y**3 - 2*y**2 + 2*y + 4. Give t(-1).
-266
Let v(f) = 3*f**2 + 135*f - 39. Give v(-45).
-39
Let k(x) = -2*x**2 + 40*x + 148. Calculate k(23).
10
Let u(l) = 2*l**3 + 51*l**2 + 137*l - 383. Determine u(-22).
-9
Let v(c) = -c**3 + 23*c**2 + 37*c + 317. What is v(25)?
-8
Let i(m) = 3*m**3 + 47*m**2 + 23*m - 124. What is i(-2)?
-6
Let m(d) = 77*d - 1418. Give m(17).
-109
Let c(r) = -1392*r - 8337. Determine c(-6).
15
Let x(s) = 64*s**3 + 4*s**2 - 5*s + 3. What is x(1)?
66
Let g(y) = 2*y**3 + 26*y**2 - 22*y - 559. Calculate g(-12).
-7
Let y(g) = -g**3 + 19*g**2 + 31*g + 41. Give y(20).
261
Let r(t) = -6*t**3 - 3*t**2 + 17*t - 28. Give r(2).
-54
Let h(j) = j**3 - 6*j**2 - 2*j + 233. Give h(0).
233
Let t(s) = 109*s + 150. Determine t(-3).
-177
Let h(t) = -37*t - 977. Determine h(-27).
22
Let g(w) = -3*w**2 - 46*w + 45. Calculate g(-19).
-164
Let i(v) = -10*v - 74. Calculate i(-6).
-14
Let n(y) = 3*y**3 - 2*y**2 + 13*y - 47. What is n(0)?
-47
Let h(a) = a**2 + 489*a - 1482. Calculate h(3).
-6
Let m(b) = b**3 + 8*b**2 - 4*b - 82. What is m(-8)?
-50
Let b(j) = j**3 + 15*j**2 + 36*j - 30. What is b(-6)?
78
Let x(p) = p**3 + 62*p**2 + 176*p - 40. Calculate x(-59).
19
Let k(p) = 4*p**3 + 111*p**2 - 20*p + 195. Determine k(-28).
-29
Let w(k) = k**3 - 57*k**2 - 237*k - 444. Determine w(61).
-17
Let a(b) = 4*b**2 - 408*b - 2603. Calculate a(108).
-11
Let y(h) = 40*h**2 + 227*h - 78. Determine y(-6).
0
Let j(z) = 17*z**2 + 2*z + 3. Determine j(2).
75
Let v(q) = 393*q - 20499. What is v(52)?
-63
Let c(h) = 4*h**2 - 75*h + 122. Determine c(17).
3
Let d(z) = 2*z**3 + 15*z**2 - 52*z - 24. Determine d(-10).
-4
Let q(g) = -g**3 - 8*g**2 - 38*g - 146. What is q(-6)?
10
Let v(s) = s**3 - 42*s**2 - s + 119. Calculate v(42).
77
Let p(m) = 6*m**3 + 3*m**2 + 7*m + 7. Calculate p(-3).
-149
Let h(l) = -4*l**2 + 26*l - 53. Give h(11).
-251
Let r(c) = -45*c - 645. Determine r(-14).
-15
Let l(a) = 5*a**2 + 230*a - 60. What is l(-46)?
-60
Let s(j) = -55*j**2 - 2*j - 3. Give s(1).
-60
Let h(x) = -x**3 + 13*x**2 + 59*x - 155. Give h(2).
7
Let g(l) = -l**2 - 53*l - 605. Calculate g(-17).
7
Let v(x) = x**3 - 22*x**2 - 47*x + 30. Give v(24).
54
Let t(o) = o**2 + 6*o + 29. Calculate t(-8).
45
Let d(h) = 24*h - 219. Give d(9).
-3
Let c(p) = -2*p**3 - 32*p**2 - 58*p - 6. Give c(-2).
-2
Let n(z) = -2*z**3 - 34*z**2 - 47*z - 791. Calculate n(-17).
8
Let z(b) = -b**3 - 7*b**2 - 15*b - 5. Calculate z(-7).
100
Let q(n) = -11768*n + 35296. Calculate q(3).
-8
Let b(a) = 144*a**2 + 15*a - 2. Calculate b(2).
604
Let y(f) = f**3 + 35*f**2 + 203*f - 367. What is y(-27)?
-16
Let k(g) = g**3 + 41*g**2 + 11*g + 2235. Give k(-42).
9
Let d(l) = 4*l**3 - 6*l**2 + 3*l + 1. Determine d(-2).
-61
Let h(w) = 26*w + 1219. What is h(-31)?
413
Let i(t) = 12308*t - 24626. Determine i(2).
-10
Let p(t) = -44*t**2 - 1852*t - 97. Give p(-42).
71
Let k(p) = 711*p - 4261. Calculate k(6).
5
Let v(o) = -122*o - 2317. Calculate v(-20).
123
Let q(h) = -14*h**3 + 13*h**2 - 26*h - 36. What is q(-1)?
17
Let l(c) = 11*c**2 - 5*c + 1. Calculate l(3).
85
Let u(c) = -c**3 - 38*c**2 - 202*c - 94. Give u(-32).
226
Let m(s) = -247*s - 1490. What is m(-6)?
-8
Let u(c) = 6*c**2 - 10*c + 174. Give u(9).
570
Let l(m) = 1002*m + 8016. Determine l(-8).
0
Let i(s) = s**3 + 117*s**2 + 1261*s + 137. Give i(-105).
32
Let b(f) = f**2 + 33*f - 115. Give b(3).
-7
Let i(z) = -6*z + 41. Give i(4).
17
Let y(h) = -h**2 - 133*h - 3085. Determine y(-30).
5
Let q(j) = -4*j**2 + 40*j - 33. What is q(9)?
3
Let s(d) = 104*d + 5452. Give s(-55).
-268
Let b(t) = t**2 - 17*t + 88. Give b(7).
18
Let n(u) = -6*u + 562. Calculate n(42).
310
Let v(k) = -493*k**2 - 9*k + 7. Determine v(1).
-495
Let j(i) = -9*i**3 - 104*i**2 + 51*i + 26. Calculate j(-12).
-10
Let m(q) = -6*q + 15. Give m(29).
-159
Let d(g) = -g**3 + 90*g**2 + 100*g - 815. What is d(91)?
4
Let d(h) = 2*h**3 + 22*h**2 + 3*h - 210. What is d(-10)?
-40
Let x(n) = -907*n - 96146. Determine x(-106).
-4
Let j(l) = -1112*l - 4419. Determine j(-4).
29
Let x(b) = -b**3 + 129*b**2 - 102*b - 3332. Determine x(128).
-4
Let w(j) = 169*j - 323. What is w(2)?
15
Let s(t) = 21*t +